{"id":61,"date":"2024-05-10T17:55:48","date_gmt":"2024-05-10T15:55:48","guid":{"rendered":"http:\/\/192.168.1.151\/?page_id=61"},"modified":"2025-01-24T16:42:56","modified_gmt":"2025-01-24T15:42:56","slug":"don","status":"publish","type":"page","link":"https:\/\/aflip.org\/index.php\/don\/","title":{"rendered":"Don"},"content":{"rendered":"\r\n<p><span style=\"color: #000000;\">Une des missions que s\u2019est donn\u00e9e AFLIP est de soutenir et de financer la recherche pour mieux comprendre les causes de la maladie, d\u00e9velopper de nouveaux traitements et am\u00e9liorer la qualit\u00e9 de vie des personnes atteintes.<\/span><\/p>\r\n<p><span style=\"color: #000000;\">\r\n\r\n<\/span><\/p>\r\n<p><span style=\"color: #000000;\">Ainsi AFLIP r\u00e9alise chaque ann\u00e9e plusieurs campagnes de dons pour accompagner les \u00e9quipes de recherche au sein du r\u00e9seau PRISIS. Les b\u00e9n\u00e9fices de ces campagnes sont directement vers\u00e9s \u00e0 l\u2019ARDMR (Association Robert Debr\u00e9 pour la Recherche M\u00e9dicale) qui soutient les projets de recherche en milieu hospitalier.<\/span><\/p>\r\n<p><span style=\"color: #000000;\">\r\n\r\n<\/span><\/p>\r\n<p><span style=\"color: #000000;\">Pour soutenir la recherche sur la Lipodystrophie et accompagner AFLIP dans ses actions aupr\u00e8s des malades et leurs familles faites un DON\u2026C\u2019est essentiel\u00a0<\/span><\/p>\r\n<p><span style=\"color: #000000;\">\r\n\r\n<\/span><\/p>\r\n<p><span style=\"color: #000000;\">Vous pouvez ainsi r\u00e9aliser un don en ligne ou par ch\u00e8que\u00a0 au profit d\u2019 AFLIP.<\/span><\/p>\r\n<p><span style=\"color: #000000;\">\r\n\r\n<\/span><\/p>\r\n<p><span style=\"color: #000000;\">Votre don vous permet de profiter \u00e9galement d\u2019avantages fiscaux. En effet, vous pouvez d\u00e9duire de votre imp\u00f4t sur le revenu 66 % du montant de votre don, dans la limite de 20 % du revenu imposable. Ainsi un don de 100 \u20ac ouvre droit \u00e0 une r\u00e9duction d\u2019imp\u00f4t sur le revenu de 66 \u20ac. Votre don ne vous co\u00fbterait alors que 34 \u20ac<\/span><\/p>\r\n<p><span style=\"color: #000000;\">\r\n\r\n<\/span><\/p>\r\n<p><span style=\"color: #000000;\">Pour un don en ligne : <a style=\"color: #000000;\" href=\"https:\/\/www.helloasso.com\/associations\/association-francaise-des-lipodystrophies-aflip\">https:\/\/www.helloasso.com\/associations\/association-francaise-des-lipodystrophies-aflip\u00a0<\/a><\/span><\/p>\r\n<p><span style=\"color: #000000;\">\r\n\r\n<\/span><\/p>\r\n<p><span style=\"color: #000000;\">Pour un don par ch\u00e8que, adressez votre courrier \u00e0 :<\/span><\/p>\r\n<p><span style=\"color: #000000;\">\r\n\r\n<\/span><\/p>\r\n<div class=\"wp-block-group\"><div class=\"wp-block-group__inner-container is-layout-constrained wp-block-group-is-layout-constrained\"><span style=\"color: #000000;\"><\/span>\r\n<p><span style=\"color: #000000;\"><strong>AFLIP<\/strong><\/span><\/p>\r\n<span style=\"color: #000000;\">\r\n\r\n<\/span>\r\n<p><span style=\"color: #000000;\"><strong>17 rue du Magnoac<\/strong><\/span><\/p>\r\n<span style=\"color: #000000;\">\r\n\r\n<\/span>\r\n<p><span style=\"color: #000000;\"><strong>31490 LEGUEVIN<\/strong><\/span><\/p>\r\n<\/div><\/div>\r\n","protected":false},"excerpt":{"rendered":"<p>Une des missions que s\u2019est donn\u00e9e AFLIP est de soutenir et de financer la recherche pour mieux comprendre les causes de la maladie, d\u00e9velopper de nouveaux traitements et am\u00e9liorer la qualit\u00e9 de vie des personnes atteintes. Ainsi AFLIP r\u00e9alise chaque ann\u00e9e plusieurs campagnes de dons pour accompagner les \u00e9quipes de recherche au sein du r\u00e9seau &hellip; <\/p>\n","protected":false},"author":1,"featured_media":0,"parent":0,"menu_order":0,"comment_status":"closed","ping_status":"closed","template":"","meta":{"footnotes":""},"class_list":["post-61","page","type-page","status-publish","hentry"],"_links":{"self":[{"href":"https:\/\/aflip.org\/index.php\/wp-json\/wp\/v2\/pages\/61","targetHints":{"allow":["GET"]}}],"collection":[{"href":"https:\/\/aflip.org\/index.php\/wp-json\/wp\/v2\/pages"}],"about":[{"href":"https:\/\/aflip.org\/index.php\/wp-json\/wp\/v2\/types\/page"}],"author":[{"embeddable":true,"href":"https:\/\/aflip.org\/index.php\/wp-json\/wp\/v2\/users\/1"}],"replies":[{"embeddable":true,"href":"https:\/\/aflip.org\/index.php\/wp-json\/wp\/v2\/comments?post=61"}],"version-history":[{"count":5,"href":"https:\/\/aflip.org\/index.php\/wp-json\/wp\/v2\/pages\/61\/revisions"}],"predecessor-version":[{"id":336,"href":"https:\/\/aflip.org\/index.php\/wp-json\/wp\/v2\/pages\/61\/revisions\/336"}],"wp:attachment":[{"href":"https:\/\/aflip.org\/index.php\/wp-json\/wp\/v2\/media?parent=61"}],"curies":[{"name":"wp","href":"https:\/\/api.w.org\/{rel}","templated":true}]}}